{"id":141,"date":"2018-07-04T17:30:29","date_gmt":"2018-07-04T23:30:29","guid":{"rendered":"http:\/\/localhost:8888\/wordpress-2\/?page_id=141"},"modified":"2021-07-01T23:31:14","modified_gmt":"2021-07-01T23:31:14","slug":"tintas","status":"publish","type":"page","link":"http:\/\/faunadigital.com.mx\/?page_id=141","title":{"rendered":"Tintas"},"content":{"rendered":"<div id=\"pl-141\"  class=\"panel-layout\" ><div id=\"pg-141-0\"  class=\"panel-grid panel-has-style\" ><div style=\"color: #000000;padding: 100px 0; \" data-hascolor=\"hascolor\" data-overlay=\"true\" data-overlay-color=\"#000000\" class=\"panel-row-style panel-row-style-for-141-0\" ><div id=\"pgc-141-0-0\"  class=\"panel-grid-cell\" ><div id=\"panel-141-0-0-0\" class=\"so-panel widget widget_media_image panel-first-child\" data-index=\"0\" ><div style=\"text-align: center;\" data-title-color=\"#81d742\" data-headings-color=\"#443f3f\" class=\"panel-widget-style panel-widget-style-for-141-0-0-0\" ><h3 class=\"widget-title\">CONQUER OL<\/h3><img width=\"546\" height=\"756\" src=\"http:\/\/faunadigital.com.mx\/wp-content\/uploads\/2020\/01\/conquerolc5.png\" class=\"image wp-image-3200  attachment-full size-full\" alt=\"\" loading=\"lazy\" style=\"max-width: 100%; height: auto;\" srcset=\"http:\/\/faunadigital.com.mx\/wp-content\/uploads\/2020\/01\/conquerolc5.png 546w, http:\/\/faunadigital.com.mx\/wp-content\/uploads\/2020\/01\/conquerolc5-217x300.png 217w, http:\/\/faunadigital.com.mx\/wp-content\/uploads\/2020\/01\/conquerolc5-230x318.png 230w, http:\/\/faunadigital.com.mx\/wp-content\/uploads\/2020\/01\/conquerolc5-350x485.png 350w, http:\/\/faunadigital.com.mx\/wp-content\/uploads\/2020\/01\/conquerolc5-480x665.png 480w\" sizes=\"(max-width: 546px) 100vw, 546px\" \/><\/div><\/div><div id=\"panel-141-0-0-1\" class=\"so-panel widget widget_sow-button panel-last-child\" data-index=\"1\" ><div style=\"text-align: left;\" data-title-color=\"#443f3f\" data-headings-color=\"#443f3f\" class=\"panel-widget-style panel-widget-style-for-141-0-0-1\" ><div class=\"so-widget-sow-button so-widget-sow-button-atom-11962d5c1611-141\"><div class=\"ow-button-base ow-button-align-center\">\n\t<a href=\"http:\/\/faunadigital.com.mx\/?page_id=544\" class=\"ow-icon-placement-left ow-button-hover\" \t\t>\n\t\t<span>\n\t\t\t\n\t\t\tDESCRIPCI\u00d3N\t\t<\/span>\n\t<\/a>\n<\/div>\n<\/div><\/div><\/div><\/div><div id=\"pgc-141-0-1\"  class=\"panel-grid-cell\" ><div id=\"panel-141-0-1-0\" class=\"so-panel widget widget_media_image panel-first-child\" data-index=\"2\" ><div style=\"text-align: center;\" data-title-color=\"#81d742\" data-headings-color=\"#443f3f\" class=\"panel-widget-style panel-widget-style-for-141-0-1-0\" ><h3 class=\"widget-title\">CONQUER GZ OL<\/h3><img width=\"546\" height=\"756\" src=\"http:\/\/faunadigital.com.mx\/wp-content\/uploads\/2019\/10\/conquergzolc5.png\" class=\"image wp-image-3156  attachment-full size-full\" alt=\"\" loading=\"lazy\" style=\"max-width: 100%; height: auto;\" srcset=\"http:\/\/faunadigital.com.mx\/wp-content\/uploads\/2019\/10\/conquergzolc5.png 546w, http:\/\/faunadigital.com.mx\/wp-content\/uploads\/2019\/10\/conquergzolc5-217x300.png 217w, http:\/\/faunadigital.com.mx\/wp-content\/uploads\/2019\/10\/conquergzolc5-230x318.png 230w, http:\/\/faunadigital.com.mx\/wp-content\/uploads\/2019\/10\/conquergzolc5-350x485.png 350w, http:\/\/faunadigital.com.mx\/wp-content\/uploads\/2019\/10\/conquergzolc5-480x665.png 480w\" sizes=\"(max-width: 546px) 100vw, 546px\" \/><\/div><\/div><div id=\"panel-141-0-1-1\" class=\"so-panel widget widget_sow-button panel-last-child\" data-index=\"3\" ><div style=\"text-align: left;\" data-title-color=\"#443f3f\" data-headings-color=\"#443f3f\" class=\"panel-widget-style panel-widget-style-for-141-0-1-1\" ><div class=\"so-widget-sow-button so-widget-sow-button-atom-11962d5c1611-141\"><div class=\"ow-button-base ow-button-align-center\">\n\t<a href=\"http:\/\/faunadigital.com.mx\/?page_id=1279\" class=\"ow-icon-placement-left ow-button-hover\" \t\t>\n\t\t<span>\n\t\t\t\n\t\t\tDESCRIPCI\u00d3N\t\t<\/span>\n\t<\/a>\n<\/div>\n<\/div><\/div><\/div><\/div><div id=\"pgc-141-0-2\"  class=\"panel-grid-cell panel-grid-cell-mobile-last\" ><div id=\"panel-141-0-2-0\" class=\"so-panel widget widget_media_image panel-first-child\" data-index=\"4\" ><div style=\"text-align: center;\" data-title-color=\"#81d742\" data-headings-color=\"#443f3f\" class=\"panel-widget-style panel-widget-style-for-141-0-2-0\" ><h3 class=\"widget-title\">NA\u00b4FAW OL<\/h3><img width=\"546\" height=\"756\" src=\"http:\/\/faunadigital.com.mx\/wp-content\/uploads\/2019\/10\/nafawcol.png\" class=\"image wp-image-3149  attachment-full size-full\" alt=\"\" loading=\"lazy\" style=\"max-width: 100%; height: auto;\" srcset=\"http:\/\/faunadigital.com.mx\/wp-content\/uploads\/2019\/10\/nafawcol.png 546w, http:\/\/faunadigital.com.mx\/wp-content\/uploads\/2019\/10\/nafawcol-217x300.png 217w, http:\/\/faunadigital.com.mx\/wp-content\/uploads\/2019\/10\/nafawcol-230x318.png 230w, http:\/\/faunadigital.com.mx\/wp-content\/uploads\/2019\/10\/nafawcol-350x485.png 350w, http:\/\/faunadigital.com.mx\/wp-content\/uploads\/2019\/10\/nafawcol-480x665.png 480w\" sizes=\"(max-width: 546px) 100vw, 546px\" \/><\/div><\/div><div id=\"panel-141-0-2-1\" class=\"so-panel widget widget_sow-button panel-last-child\" data-index=\"5\" ><div style=\"text-align: left;\" data-title-color=\"#443f3f\" data-headings-color=\"#443f3f\" class=\"panel-widget-style panel-widget-style-for-141-0-2-1\" ><div class=\"so-widget-sow-button so-widget-sow-button-atom-11962d5c1611-141\"><div class=\"ow-button-base ow-button-align-center\">\n\t<a href=\"http:\/\/faunadigital.com.mx\/?page_id=555\" class=\"ow-icon-placement-left ow-button-hover\" \t\t>\n\t\t<span>\n\t\t\t\n\t\t\tDESCRIPCI\u00d3N\t\t<\/span>\n\t<\/a>\n<\/div>\n<\/div><\/div><\/div><\/div><div id=\"pgc-141-0-3\"  class=\"panel-grid-cell panel-grid-cell-empty\" ><\/div><\/div><\/div><div id=\"pg-141-1\"  class=\"panel-grid panel-has-style\" ><div style=\"border-bottom: 1px solid #000000;color: #000000;padding: 100px 0; \" data-hascolor=\"hascolor\" data-overlay=\"true\" data-overlay-color=\"#000000\" class=\"panel-row-style panel-row-style-for-141-1\" ><div id=\"pgc-141-1-0\"  class=\"panel-grid-cell\" ><div id=\"panel-141-1-0-0\" class=\"so-panel widget widget_media_image panel-first-child\" data-index=\"6\" ><div style=\"text-align: center;\" data-title-color=\"#81d742\" data-headings-color=\"#443f3f\" class=\"panel-widget-style panel-widget-style-for-141-1-0-0\" ><h3 class=\"widget-title\">POWER<\/h3><img width=\"546\" height=\"756\" src=\"http:\/\/faunadigital.com.mx\/wp-content\/uploads\/2018\/10\/powerc.png\" class=\"image wp-image-1676  attachment-full size-full\" alt=\"\" loading=\"lazy\" style=\"max-width: 100%; height: auto;\" srcset=\"http:\/\/faunadigital.com.mx\/wp-content\/uploads\/2018\/10\/powerc.png 546w, http:\/\/faunadigital.com.mx\/wp-content\/uploads\/2018\/10\/powerc-217x300.png 217w, http:\/\/faunadigital.com.mx\/wp-content\/uploads\/2018\/10\/powerc-230x318.png 230w, http:\/\/faunadigital.com.mx\/wp-content\/uploads\/2018\/10\/powerc-350x485.png 350w, http:\/\/faunadigital.com.mx\/wp-content\/uploads\/2018\/10\/powerc-480x665.png 480w\" sizes=\"(max-width: 546px) 100vw, 546px\" \/><\/div><\/div><div id=\"panel-141-1-0-1\" class=\"so-panel widget widget_sow-button panel-last-child\" data-index=\"7\" ><div style=\"text-align: left;\" data-title-color=\"#443f3f\" data-headings-color=\"#443f3f\" class=\"panel-widget-style panel-widget-style-for-141-1-0-1\" ><div class=\"so-widget-sow-button so-widget-sow-button-atom-79b070e21b0f-141\"><div class=\"ow-button-base ow-button-align-center\">\n\t<a href=\"http:\/\/faunadigital.com.mx\/?page_id=629\" class=\"ow-icon-placement-left ow-button-hover\" \t\t>\n\t\t<span>\n\t\t\t\n\t\t\tDESCRIPCI\u00d3N\t\t<\/span>\n\t<\/a>\n<\/div>\n<\/div><\/div><\/div><\/div><div id=\"pgc-141-1-1\"  class=\"panel-grid-cell\" ><div id=\"panel-141-1-1-0\" class=\"so-panel widget widget_media_image panel-first-child\" data-index=\"8\" ><div style=\"text-align: center;\" data-title-color=\"#81d742\" data-headings-color=\"#443f3f\" class=\"panel-widget-style panel-widget-style-for-141-1-1-0\" ><h3 class=\"widget-title\">POWER<\/h3><img width=\"546\" height=\"756\" src=\"http:\/\/faunadigital.com.mx\/wp-content\/uploads\/2018\/10\/powerc5.png\" class=\"image wp-image-1677  attachment-full size-full\" alt=\"\" loading=\"lazy\" style=\"max-width: 100%; height: auto;\" srcset=\"http:\/\/faunadigital.com.mx\/wp-content\/uploads\/2018\/10\/powerc5.png 546w, http:\/\/faunadigital.com.mx\/wp-content\/uploads\/2018\/10\/powerc5-217x300.png 217w, http:\/\/faunadigital.com.mx\/wp-content\/uploads\/2018\/10\/powerc5-230x318.png 230w, http:\/\/faunadigital.com.mx\/wp-content\/uploads\/2018\/10\/powerc5-350x485.png 350w, http:\/\/faunadigital.com.mx\/wp-content\/uploads\/2018\/10\/powerc5-480x665.png 480w\" sizes=\"(max-width: 546px) 100vw, 546px\" \/><\/div><\/div><div id=\"panel-141-1-1-1\" class=\"so-panel widget widget_sow-button panel-last-child\" data-index=\"9\" ><div style=\"text-align: left;\" data-title-color=\"#443f3f\" data-headings-color=\"#443f3f\" class=\"panel-widget-style panel-widget-style-for-141-1-1-1\" ><div class=\"so-widget-sow-button so-widget-sow-button-atom-79b070e21b0f-141\"><div class=\"ow-button-base ow-button-align-center\">\n\t<a href=\"http:\/\/faunadigital.com.mx\/?page_id=642\" class=\"ow-icon-placement-left ow-button-hover\" \t\t>\n\t\t<span>\n\t\t\t\n\t\t\tDESCRIPCI\u00d3N\t\t<\/span>\n\t<\/a>\n<\/div>\n<\/div><\/div><\/div><\/div><div id=\"pgc-141-1-2\"  class=\"panel-grid-cell\" ><div id=\"panel-141-1-2-0\" class=\"so-panel widget widget_media_image panel-first-child\" data-index=\"10\" ><div style=\"text-align: center;\" data-title-color=\"#81d742\" data-headings-color=\"#443f3f\" class=\"panel-widget-style panel-widget-style-for-141-1-2-0\" ><h3 class=\"widget-title\">UVICA<\/h3><a href=\"http:\/\/localhost:8888\/wordpress-2\/resistant-1l\/\"><img width=\"546\" height=\"756\" src=\"http:\/\/faunadigital.com.mx\/wp-content\/uploads\/2019\/07\/uvicac.png\" class=\"image wp-image-2772  attachment-full size-full\" alt=\"\" loading=\"lazy\" style=\"max-width: 100%; height: auto;\" srcset=\"http:\/\/faunadigital.com.mx\/wp-content\/uploads\/2019\/07\/uvicac.png 546w, http:\/\/faunadigital.com.mx\/wp-content\/uploads\/2019\/07\/uvicac-217x300.png 217w, http:\/\/faunadigital.com.mx\/wp-content\/uploads\/2019\/07\/uvicac-230x318.png 230w, http:\/\/faunadigital.com.mx\/wp-content\/uploads\/2019\/07\/uvicac-350x485.png 350w, http:\/\/faunadigital.com.mx\/wp-content\/uploads\/2019\/07\/uvicac-480x665.png 480w\" sizes=\"(max-width: 546px) 100vw, 546px\" \/><\/a><\/div><\/div><div id=\"panel-141-1-2-1\" class=\"so-panel widget widget_sow-button panel-last-child\" data-index=\"11\" ><div style=\"text-align: left;\" data-title-color=\"#443f3f\" data-headings-color=\"#443f3f\" class=\"panel-widget-style panel-widget-style-for-141-1-2-1\" ><div class=\"so-widget-sow-button so-widget-sow-button-atom-79b070e21b0f-141\"><div class=\"ow-button-base ow-button-align-center\">\n\t<a href=\"http:\/\/faunadigital.com.mx\/?page_id=2761\" class=\"ow-icon-placement-left ow-button-hover\" \t\t>\n\t\t<span>\n\t\t\t\n\t\t\tDESCRIPCI\u00d3N\t\t<\/span>\n\t<\/a>\n<\/div>\n<\/div><\/div><\/div><\/div><div id=\"pgc-141-1-3\"  class=\"panel-grid-cell\" ><div id=\"panel-141-1-3-0\" class=\"so-panel widget widget_media_image panel-first-child\" data-index=\"12\" ><div style=\"text-align: center;\" data-title-color=\"#81d742\" data-headings-color=\"#443f3f\" class=\"panel-widget-style panel-widget-style-for-141-1-3-0\" ><h3 class=\"widget-title\">UVICA<\/h3><a href=\"http:\/\/localhost:8888\/wordpress-2\/resistant-1l\/\"><img width=\"546\" height=\"756\" src=\"http:\/\/faunadigital.com.mx\/wp-content\/uploads\/2019\/07\/uvicabc.png\" class=\"image wp-image-2799  attachment-full size-full\" alt=\"\" loading=\"lazy\" style=\"max-width: 100%; height: auto;\" srcset=\"http:\/\/faunadigital.com.mx\/wp-content\/uploads\/2019\/07\/uvicabc.png 546w, http:\/\/faunadigital.com.mx\/wp-content\/uploads\/2019\/07\/uvicabc-217x300.png 217w, http:\/\/faunadigital.com.mx\/wp-content\/uploads\/2019\/07\/uvicabc-230x318.png 230w, http:\/\/faunadigital.com.mx\/wp-content\/uploads\/2019\/07\/uvicabc-350x485.png 350w, http:\/\/faunadigital.com.mx\/wp-content\/uploads\/2019\/07\/uvicabc-480x665.png 480w\" sizes=\"(max-width: 546px) 100vw, 546px\" \/><\/a><\/div><\/div><div id=\"panel-141-1-3-1\" class=\"so-panel widget widget_sow-button panel-last-child\" data-index=\"13\" ><div style=\"text-align: left;\" data-title-color=\"#443f3f\" data-headings-color=\"#443f3f\" class=\"panel-widget-style panel-widget-style-for-141-1-3-1\" ><div class=\"so-widget-sow-button so-widget-sow-button-atom-79b070e21b0f-141\"><div class=\"ow-button-base ow-button-align-center\">\n\t<a href=\"http:\/\/faunadigital.com.mx\/?page_id=2761\" class=\"ow-icon-placement-left ow-button-hover\" \t\t>\n\t\t<span>\n\t\t\t\n\t\t\tDESCRIPCI\u00d3N\t\t<\/span>\n\t<\/a>\n<\/div>\n<\/div><\/div><\/div><\/div><\/div><\/div><div id=\"pg-141-2\"  class=\"panel-grid panel-has-style\" ><div style=\"border-bottom: 1px solid #000000;color: #000000;padding: 100px 0; \" data-hascolor=\"hascolor\" data-overlay=\"true\" data-overlay-color=\"#000000\" class=\"panel-row-style panel-row-style-for-141-2\" ><div id=\"pgc-141-2-0\"  class=\"panel-grid-cell\" ><div id=\"panel-141-2-0-0\" class=\"so-panel widget widget_media_image panel-first-child\" data-index=\"14\" ><div style=\"text-align: center;\" data-title-color=\"#81d742\" data-headings-color=\"#443f3f\" class=\"panel-widget-style panel-widget-style-for-141-2-0-0\" ><h3 class=\"widget-title\">CYCLONE<\/h3><a href=\"http:\/\/localhost:8888\/wordpress-2\/resistant-1l\/\"><img width=\"546\" height=\"756\" src=\"http:\/\/faunadigital.com.mx\/wp-content\/uploads\/2019\/07\/cyclonec.png\" class=\"image wp-image-2818  attachment-full size-full\" alt=\"\" loading=\"lazy\" style=\"max-width: 100%; height: auto;\" srcset=\"http:\/\/faunadigital.com.mx\/wp-content\/uploads\/2019\/07\/cyclonec.png 546w, http:\/\/faunadigital.com.mx\/wp-content\/uploads\/2019\/07\/cyclonec-217x300.png 217w, http:\/\/faunadigital.com.mx\/wp-content\/uploads\/2019\/07\/cyclonec-230x318.png 230w, http:\/\/faunadigital.com.mx\/wp-content\/uploads\/2019\/07\/cyclonec-350x485.png 350w, http:\/\/faunadigital.com.mx\/wp-content\/uploads\/2019\/07\/cyclonec-480x665.png 480w\" sizes=\"(max-width: 546px) 100vw, 546px\" \/><\/a><\/div><\/div><div id=\"panel-141-2-0-1\" class=\"so-panel widget widget_sow-button panel-last-child\" data-index=\"15\" ><div style=\"text-align: left;\" data-title-color=\"#443f3f\" data-headings-color=\"#443f3f\" class=\"panel-widget-style panel-widget-style-for-141-2-0-1\" ><div class=\"so-widget-sow-button so-widget-sow-button-atom-79b070e21b0f-141\"><div class=\"ow-button-base ow-button-align-center\">\n\t<a href=\"http:\/\/faunadigital.com.mx\/?page_id=2804\" class=\"ow-icon-placement-left ow-button-hover\" \t\t>\n\t\t<span>\n\t\t\t\n\t\t\tDESCRIPCI\u00d3N\t\t<\/span>\n\t<\/a>\n<\/div>\n<\/div><\/div><\/div><\/div><div id=\"pgc-141-2-1\"  class=\"panel-grid-cell panel-grid-cell-empty\" ><\/div><div id=\"pgc-141-2-2\"  class=\"panel-grid-cell panel-grid-cell-empty panel-grid-cell-mobile-last\" ><\/div><div id=\"pgc-141-2-3\"  class=\"panel-grid-cell panel-grid-cell-empty\" ><\/div><\/div><\/div><div id=\"pg-141-3\"  class=\"panel-grid panel-has-style\" ><div style=\"border-bottom: 1px solid #000000;padding: 100px 0; \" data-overlay=\"true\" data-overlay-color=\"#000000\" class=\"panel-row-style panel-row-style-for-141-3\" ><div id=\"pgc-141-3-0\"  class=\"panel-grid-cell\" ><div id=\"panel-141-3-0-0\" class=\"so-panel widget widget_media_image panel-first-child\" data-index=\"16\" ><div style=\"text-align: center;\" data-title-color=\"#81d742\" data-headings-color=\"#443f3f\" class=\"panel-widget-style panel-widget-style-for-141-3-0-0\" ><h3 class=\"widget-title\">RESISTANT<\/h3><img width=\"546\" height=\"756\" src=\"http:\/\/faunadigital.com.mx\/wp-content\/uploads\/2018\/10\/resistantc.png\" class=\"image wp-image-1679  attachment-full size-full\" alt=\"\" loading=\"lazy\" style=\"max-width: 100%; height: auto;\" srcset=\"http:\/\/faunadigital.com.mx\/wp-content\/uploads\/2018\/10\/resistantc.png 546w, http:\/\/faunadigital.com.mx\/wp-content\/uploads\/2018\/10\/resistantc-217x300.png 217w, http:\/\/faunadigital.com.mx\/wp-content\/uploads\/2018\/10\/resistantc-230x318.png 230w, http:\/\/faunadigital.com.mx\/wp-content\/uploads\/2018\/10\/resistantc-350x485.png 350w, http:\/\/faunadigital.com.mx\/wp-content\/uploads\/2018\/10\/resistantc-480x665.png 480w\" sizes=\"(max-width: 546px) 100vw, 546px\" \/><\/div><\/div><div id=\"panel-141-3-0-1\" class=\"so-panel widget widget_sow-button panel-last-child\" data-index=\"17\" ><div style=\"text-align: left;\" data-title-color=\"#443f3f\" data-headings-color=\"#443f3f\" class=\"panel-widget-style panel-widget-style-for-141-3-0-1\" ><div class=\"so-widget-sow-button so-widget-sow-button-atom-e348534d3ad8-141\"><div class=\"ow-button-base ow-button-align-center\">\n\t<a href=\"http:\/\/faunadigital.com.mx\/?page_id=367\" class=\"ow-icon-placement-left ow-button-hover\" \t\t>\n\t\t<span>\n\t\t\t\n\t\t\tDESCRIPCI\u00d3N\t\t<\/span>\n\t<\/a>\n<\/div>\n<\/div><\/div><\/div><\/div><div id=\"pgc-141-3-1\"  class=\"panel-grid-cell\" ><div id=\"panel-141-3-1-0\" class=\"so-panel widget widget_media_image panel-first-child\" data-index=\"18\" ><div style=\"text-align: center;\" data-title-color=\"#81d742\" data-headings-color=\"#443f3f\" class=\"panel-widget-style panel-widget-style-for-141-3-1-0\" ><h3 class=\"widget-title\">SUBLIMACI\u00d3N<\/h3><img width=\"546\" height=\"756\" src=\"http:\/\/faunadigital.com.mx\/wp-content\/uploads\/2018\/10\/sublimacionc.png\" class=\"image wp-image-1680  attachment-full size-full\" alt=\"\" loading=\"lazy\" style=\"max-width: 100%; height: auto;\" srcset=\"http:\/\/faunadigital.com.mx\/wp-content\/uploads\/2018\/10\/sublimacionc.png 546w, http:\/\/faunadigital.com.mx\/wp-content\/uploads\/2018\/10\/sublimacionc-217x300.png 217w, http:\/\/faunadigital.com.mx\/wp-content\/uploads\/2018\/10\/sublimacionc-230x318.png 230w, http:\/\/faunadigital.com.mx\/wp-content\/uploads\/2018\/10\/sublimacionc-350x485.png 350w, http:\/\/faunadigital.com.mx\/wp-content\/uploads\/2018\/10\/sublimacionc-480x665.png 480w\" sizes=\"(max-width: 546px) 100vw, 546px\" \/><\/div><\/div><div id=\"panel-141-3-1-1\" class=\"so-panel widget widget_sow-button panel-last-child\" data-index=\"19\" ><div style=\"text-align: left;\" data-title-color=\"#443f3f\" data-headings-color=\"#443f3f\" class=\"panel-widget-style panel-widget-style-for-141-3-1-1\" ><div class=\"so-widget-sow-button so-widget-sow-button-atom-e5fc89f023d7-141\"><div class=\"ow-button-base ow-button-align-center\">\n\t<a href=\"http:\/\/faunadigital.com.mx\/?page_id=663\" class=\"ow-icon-placement-left ow-button-hover\" \t\t>\n\t\t<span>\n\t\t\t\n\t\t\tDESCRIPCI\u00d3N\t\t<\/span>\n\t<\/a>\n<\/div>\n<\/div><\/div><\/div><\/div><div id=\"pgc-141-3-2\"  class=\"panel-grid-cell panel-grid-cell-empty panel-grid-cell-mobile-last\" ><\/div><div id=\"pgc-141-3-3\"  class=\"panel-grid-cell panel-grid-cell-empty\" ><\/div><\/div><\/div><\/div>","protected":false},"excerpt":{"rendered":"<p>CONQUER OL DESCRIPCI\u00d3N CONQUER GZ OL DESCRIPCI\u00d3N NA\u00b4FAW OL DESCRIPCI\u00d3N POWER DESCRIPCI\u00d3N POWER DESCRIPCI\u00d3N UVICA DESCRIPCI\u00d3N UVICA DESCRIPCI\u00d3N CYCLONE DESCRIPCI\u00d3N RESISTANT DESCRIPCI\u00d3N SUBLIMACI\u00d3N DESCRIPCI\u00d3N<\/p>\n","protected":false},"author":1,"featured_media":0,"parent":0,"menu_order":0,"comment_status":"closed","ping_status":"closed","template":"page-templates\/page_fullwidth.php","meta":[],"_links":{"self":[{"href":"http:\/\/faunadigital.com.mx\/index.php?rest_route=\/wp\/v2\/pages\/141"}],"collection":[{"href":"http:\/\/faunadigital.com.mx\/index.php?rest_route=\/wp\/v2\/pages"}],"about":[{"href":"http:\/\/faunadigital.com.mx\/index.php?rest_route=\/wp\/v2\/types\/page"}],"author":[{"embeddable":true,"href":"http:\/\/faunadigital.com.mx\/index.php?rest_route=\/wp\/v2\/users\/1"}],"replies":[{"embeddable":true,"href":"http:\/\/faunadigital.com.mx\/index.php?rest_route=%2Fwp%2Fv2%2Fcomments&post=141"}],"version-history":[{"count":144,"href":"http:\/\/faunadigital.com.mx\/index.php?rest_route=\/wp\/v2\/pages\/141\/revisions"}],"predecessor-version":[{"id":4313,"href":"http:\/\/faunadigital.com.mx\/index.php?rest_route=\/wp\/v2\/pages\/141\/revisions\/4313"}],"wp:attachment":[{"href":"http:\/\/faunadigital.com.mx\/index.php?rest_route=%2Fwp%2Fv2%2Fmedia&parent=141"}],"curies":[{"name":"wp","href":"https:\/\/api.w.org\/{rel}","templated":true}]}}