{"id":3306,"date":"2020-01-15T23:33:58","date_gmt":"2020-01-15T23:33:58","guid":{"rendered":"http:\/\/faunadigital.com.mx\/?page_id=3306"},"modified":"2020-01-17T18:52:29","modified_gmt":"2020-01-17T18:52:29","slug":"vinil-holografico","status":"publish","type":"page","link":"http:\/\/faunadigital.com.mx\/?page_id=3306","title":{"rendered":"VINIL HOLOGRAFICO"},"content":{"rendered":"<div id=\"pl-3306\"  class=\"panel-layout\" ><div id=\"pg-3306-0\"  class=\"panel-grid panel-has-style\" ><div style=\"padding: 100px 0; \" data-overlay=\"true\" class=\"panel-row-style panel-row-style-for-3306-0\" ><div id=\"pgc-3306-0-0\"  class=\"panel-grid-cell\" ><div id=\"panel-3306-0-0-0\" class=\"so-panel widget widget_sow-editor panel-first-child panel-last-child\" data-index=\"0\" ><div style=\"text-align: left;\" data-title-color=\"#443f3f\" data-headings-color=\"#443f3f\" class=\"panel-widget-style panel-widget-style-for-3306-0-0-0\" ><div class=\"so-widget-sow-editor so-widget-sow-editor-base\">\n<div class=\"siteorigin-widget-tinymce textwidget\">\n\t<p>Vinil Hologr\u00e1fico para impresi\u00f3n. Es apto para impresi\u00f3n en m\u00e1quinas tipo Solvente y Ecosolvente.<\/p>\n<h3><span style=\"color: #99cc00;\">Caracter\u00edsticas<\/span><\/h3>\n<table style=\"border-collapse: collapse; width: 100%;\" border=\"1\">\n<tbody>\n<tr>\n<td style=\"width: 33.3333%;\"><span style=\"color: #99cc00;\"> Item<\/span><\/td>\n<td style=\"width: 33.3333%;\" colspan=\"2\"><span style=\"color: #99cc00;\">Valores<\/span><\/td>\n<\/tr>\n<tr>\n<td style=\"width: 33.3333%;\" rowspan=\"3\">Pel\u00edcula PVC<\/td>\n<td style=\"width: 33.3333%;\">Tipo<\/td>\n<td style=\"width: 33.3333%;\">Pel\u00edcula PVC monom\u00e9rico con capa l\u00e1ser<\/td>\n<\/tr>\n<tr>\n<td style=\"width: 33.3333%;\">Espesor<\/td>\n<td style=\"width: 33.3333%;\">80micron<\/td>\n<\/tr>\n<tr>\n<td style=\"width: 33.3333%;\">Relaci\u00f3n de brillo<\/td>\n<td style=\"width: 33.3333%;\">&gt;80%<\/td>\n<\/tr>\n<tr>\n<td style=\"width: 33.3333%;\" rowspan=\"6\">Adhesivo<\/td>\n<td style=\"width: 33.3333%;\">Adhesivo tipo<\/td>\n<td style=\"width: 33.3333%;\">Base solvente transparente, sensible a la presi\u00f3n<\/td>\n<\/tr>\n<tr>\n<td style=\"width: 33.3333%;\">Peso<\/td>\n<td style=\"width: 33.3333%;\">20\u00b12g\/ m\u00b2<\/td>\n<\/tr>\n<tr>\n<td style=\"width: 33.3333%;\">Temperatura de adhesi\u00f3n<\/td>\n<td style=\"width: 33.3333%;\">15\u00b0C~40\u00b0C<\/td>\n<\/tr>\n<tr>\n<td style=\"width: 33.3333%;\">Fuerza de pelado<\/td>\n<td style=\"width: 33.3333%;\">\u22656.5N\/25mm 20min<\/td>\n<\/tr>\n<tr>\n<td style=\"width: 33.3333%;\">Adhesi\u00f3n inicial-Ball Tack<\/td>\n<td style=\"width: 33.3333%;\">\u22655#Steel Ball<\/td>\n<\/tr>\n<tr>\n<td style=\"width: 33.3333%;\">Poder de Agarre<\/td>\n<td style=\"width: 33.3333%;\">\u2265800min<\/td>\n<\/tr>\n<tr>\n<td style=\"width: 33.3333%;\" rowspan=\"3\">Liner<\/td>\n<td style=\"width: 33.3333%;\">Tipo<\/td>\n<td style=\"width: 33.3333%;\">Papel Kraft<\/td>\n<\/tr>\n<tr>\n<td style=\"width: 33.3333%;\">Color<\/td>\n<td style=\"width: 33.3333%;\">Blanco<\/td>\n<\/tr>\n<tr>\n<td style=\"width: 33.3333%;\">Peso<\/td>\n<td style=\"width: 33.3333%;\">120g\/ m\u00b2<\/td>\n<\/tr>\n<tr>\n<td style=\"width: 33.3333%;\">Almacenamiento<\/td>\n<td style=\"width: 33.3333%;\" colspan=\"2\">1 a\u00f1o\uff08Temperatura de 22\u00b0C\uff0chumedad relativa de 50\uff5e55\uff05\uff09<\/td>\n<\/tr>\n<tr>\n<td style=\"width: 33.3333%;\">Aplicaciones<\/td>\n<td style=\"width: 33.3333%;\" colspan=\"2\">Material para impresi\u00f3n digital en exteriores, se\u00f1alamientos, gr\u00e1ficos para veh\u00edculos, aplicaciones para aeropuertos y metros.<\/td>\n<\/tr>\n<tr>\n<td style=\"width: 33.3333%;\">Compatibilidad de impresoras y tinta<\/td>\n<td style=\"width: 33.3333%;\" colspan=\"2\">Apto para todo tipo de impresoras digitales tipo solvente y ecosolvente La mejor temperatura de impresi\u00f3n es de 35~40\u00b0C<\/td>\n<\/tr>\n<tr>\n<td style=\"width: 33.3333%;\">Ancho (M)<\/td>\n<td style=\"width: 33.3333%;\" colspan=\"2\">1.37<\/td>\n<\/tr>\n<tr>\n<td style=\"width: 33.3333%;\">Longitud (M)<\/td>\n<td style=\"width: 33.3333%;\" colspan=\"2\">50<\/td>\n<\/tr>\n<\/tbody>\n<\/table>\n<\/div>\n<\/div><\/div><\/div><\/div><\/div><\/div><div id=\"pg-3306-1\"  class=\"panel-grid panel-has-style\" ><div style=\"padding: 100px 0; \" data-overlay=\"true\" data-overlay-color=\"#000000\" class=\"panel-row-style panel-row-style-for-3306-1\" ><div id=\"pgc-3306-1-0\"  class=\"panel-grid-cell\" ><div id=\"panel-3306-1-0-0\" class=\"so-panel widget widget_sow-button panel-first-child panel-last-child\" data-index=\"1\" ><div style=\"text-align: left;\" data-title-color=\"#443f3f\" data-headings-color=\"#443f3f\" class=\"panel-widget-style panel-widget-style-for-3306-1-0-0\" ><div class=\"so-widget-sow-button so-widget-sow-button-atom-ca86ee54deb6-3306\"><div class=\"ow-button-base ow-button-align-center\">\n\t<a href=\"http:\/\/faunadigital.com.mx\/wp-content\/uploads\/2020\/01\/vinilholografico.jpg\" class=\"ow-icon-placement-left ow-button-hover\" target=\"_blank\" rel=\"noopener noreferrer\" \t\t>\n\t\t<span>\n\t\t\t\n\t\t\tFICHA T\u00c9CNICA\t\t<\/span>\n\t<\/a>\n<\/div>\n<\/div><\/div><\/div><\/div><\/div><\/div><\/div>","protected":false},"excerpt":{"rendered":"<p>Vinil Hologr\u00e1fico para impresi\u00f3n. Es apto para impresi\u00f3n en m\u00e1quinas tipo Solvente y Ecosolvente. Caracter\u00edsticas Item Valores Pel\u00edcula PVC Tipo Pel\u00edcula PVC monom\u00e9rico con capa l\u00e1ser Espesor 80micron Relaci\u00f3n de brillo &gt;80% Adhesivo Adhesivo tipo Base solvente transparente, sensible a la presi\u00f3n Peso 20\u00b12g\/ m\u00b2 Temperatura de adhesi\u00f3n 15\u00b0C~40\u00b0C Fuerza de pelado \u22656.5N\/25mm 20min Adhesi\u00f3n [&hellip;]<\/p>\n","protected":false},"author":1,"featured_media":0,"parent":0,"menu_order":0,"comment_status":"closed","ping_status":"closed","template":"page-templates\/page_front-page.php","meta":[],"_links":{"self":[{"href":"http:\/\/faunadigital.com.mx\/index.php?rest_route=\/wp\/v2\/pages\/3306"}],"collection":[{"href":"http:\/\/faunadigital.com.mx\/index.php?rest_route=\/wp\/v2\/pages"}],"about":[{"href":"http:\/\/faunadigital.com.mx\/index.php?rest_route=\/wp\/v2\/types\/page"}],"author":[{"embeddable":true,"href":"http:\/\/faunadigital.com.mx\/index.php?rest_route=\/wp\/v2\/users\/1"}],"replies":[{"embeddable":true,"href":"http:\/\/faunadigital.com.mx\/index.php?rest_route=%2Fwp%2Fv2%2Fcomments&post=3306"}],"version-history":[{"count":24,"href":"http:\/\/faunadigital.com.mx\/index.php?rest_route=\/wp\/v2\/pages\/3306\/revisions"}],"predecessor-version":[{"id":3350,"href":"http:\/\/faunadigital.com.mx\/index.php?rest_route=\/wp\/v2\/pages\/3306\/revisions\/3350"}],"wp:attachment":[{"href":"http:\/\/faunadigital.com.mx\/index.php?rest_route=%2Fwp%2Fv2%2Fmedia&parent=3306"}],"curies":[{"name":"wp","href":"https:\/\/api.w.org\/{rel}","templated":true}]}}