{"id":3334,"date":"2020-01-17T00:33:44","date_gmt":"2020-01-17T00:33:44","guid":{"rendered":"http:\/\/faunadigital.com.mx\/?page_id=3334"},"modified":"2020-01-17T16:40:27","modified_gmt":"2020-01-17T16:40:27","slug":"vinil-wall-graphic","status":"publish","type":"page","link":"http:\/\/faunadigital.com.mx\/?page_id=3334","title":{"rendered":"VINIL WALL GRAPHIC"},"content":{"rendered":"<div id=\"pl-3334\"  class=\"panel-layout\" ><div id=\"pg-3334-0\"  class=\"panel-grid panel-has-style\" ><div style=\"padding: 100px 0; \" data-overlay=\"true\" class=\"panel-row-style panel-row-style-for-3334-0\" ><div id=\"pgc-3334-0-0\"  class=\"panel-grid-cell\" ><div id=\"panel-3334-0-0-0\" class=\"so-panel widget widget_sow-editor panel-first-child panel-last-child\" data-index=\"0\" ><div style=\"text-align: left;\" data-title-color=\"#443f3f\" data-headings-color=\"#443f3f\" class=\"panel-widget-style panel-widget-style-for-3334-0-0-0\" ><div class=\"so-widget-sow-editor so-widget-sow-editor-base\">\n<div class=\"siteorigin-widget-tinymce textwidget\">\n\t<p>Vinil Wall Graphic espec\u00edficamente dise\u00f1ado para su aplicaci\u00f3n directa sobre paredes de ladrillo. Es apto para impresi\u00f3n en m\u00e1quinas tipo Solvente, Ecosolvente, L\u00e1tex y UV.<\/p>\n<h3><span style=\"color: #99cc00;\">Caracter\u00edsticas<\/span><\/h3>\n<table style=\"border-collapse: collapse; width: 100%;\" border=\"1\">\n<tbody>\n<tr>\n<td style=\"width: 33.3333%;\"><span style=\"color: #99cc00;\">Item<\/span><\/td>\n<td style=\"width: 33.3333%;\" colspan=\"2\"><span style=\"color: #99cc00;\">Valores<\/span><\/td>\n<\/tr>\n<tr>\n<td style=\"width: 33.3333%;\" rowspan=\"5\">Pel\u00edcula PVC<\/td>\n<td style=\"width: 33.3333%;\">Tipo<\/td>\n<td style=\"width: 33.3333%;\">Pel\u00edcula PVC polim\u00e9rico calandrado<\/td>\n<\/tr>\n<tr>\n<td style=\"width: 33.3333%;\">Color<\/td>\n<td style=\"width: 33.3333%;\">Blanco<\/td>\n<\/tr>\n<tr>\n<td style=\"width: 33.3333%;\">Espesor<\/td>\n<td style=\"width: 33.3333%;\">80\u00b110micron<\/td>\n<\/tr>\n<tr>\n<td style=\"width: 33.3333%;\">Relaci\u00f3n de brillo<\/td>\n<td style=\"width: 33.3333%;\">\u22650.8%<\/td>\n<\/tr>\n<tr>\n<td style=\"width: 33.3333%;\">Opacidad<\/td>\n<td style=\"width: 33.3333%;\">\u226580%<\/td>\n<\/tr>\n<tr>\n<td style=\"width: 33.3333%;\" rowspan=\"6\">Adhesivo<\/td>\n<td style=\"width: 33.3333%;\">Adhesivo tipo<\/td>\n<td style=\"width: 33.3333%;\">Base solvente transparente, sensible a la presi\u00f3n<\/td>\n<\/tr>\n<tr>\n<td style=\"width: 33.3333%;\">Espesor<\/td>\n<td style=\"width: 33.3333%;\">40\u00b110micron<\/td>\n<\/tr>\n<tr>\n<td style=\"width: 33.3333%;\">Temperatura de adhesi\u00f3n<\/td>\n<td style=\"width: 33.3333%;\">15\u00b0C~40\u00b0C<\/td>\n<\/tr>\n<tr>\n<td style=\"width: 33.3333%;\">Adhesi\u00f3n inicial-Ball Tack<\/td>\n<td style=\"width: 33.3333%;\">\u22657#Steel Ball<\/td>\n<\/tr>\n<tr>\n<td style=\"width: 33.3333%;\">Poder de Agarre (30 min)<\/td>\n<td style=\"width: 33.3333%;\">2.0kg\/inch<\/td>\n<\/tr>\n<tr>\n<td style=\"width: 33.3333%;\">Poder de Agarre (24 hrs)<\/td>\n<td style=\"width: 33.3333%;\">2.2kg\/inch<\/td>\n<\/tr>\n<tr>\n<td style=\"width: 33.3333%;\" rowspan=\"3\">Liner<\/td>\n<td style=\"width: 33.3333%;\">Tipo<\/td>\n<td style=\"width: 33.3333%;\">Papel Kraft<\/td>\n<\/tr>\n<tr>\n<td style=\"width: 33.3333%;\">Color<\/td>\n<td style=\"width: 33.3333%;\">Blanco<\/td>\n<\/tr>\n<tr>\n<td style=\"width: 33.3333%;\">Peso<\/td>\n<td style=\"width: 33.3333%;\">140\u00b110g\/ m\u00b2<\/td>\n<\/tr>\n<tr>\n<td style=\"width: 33.3333%;\">Almacenamiento<\/td>\n<td style=\"width: 33.3333%;\" colspan=\"2\">1 a\u00f1o\uff08Temperatura de 22\u00b0C\uff0chumedad relativa de 50\uff5e55\uff05\uff09<\/td>\n<\/tr>\n<tr>\n<td style=\"width: 33.3333%;\">Aplicaciones<\/td>\n<td style=\"width: 33.3333%;\" colspan=\"2\">Material para impresi\u00f3n en serigraf\u00eda y digital en exteriores, se\u00f1alamientos, gr\u00e1ficos para veh\u00edculos, aplicaciones para aeropuertos y metros. Espec\u00edficamente para su aplicaci\u00f3n directa sobre paredes de ladrillo<\/td>\n<\/tr>\n<tr>\n<td style=\"width: 33.3333%;\">Compatibilidad de impresoras y tinta<\/td>\n<td style=\"width: 33.3333%;\" colspan=\"2\">Apto para todo tipo de impresoras digitales tipo solvente, ecosolvente, l\u00e1tex y UV.<\/td>\n<\/tr>\n<tr>\n<td style=\"width: 33.3333%;\">Ancho (M)<\/td>\n<td colspan=\"2\">1.37<\/td>\n<\/tr>\n<tr>\n<td style=\"width: 33.3333%;\">Longitud (M)<\/td>\n<td style=\"width: 33.3333%;\" colspan=\"2\">50<\/td>\n<\/tr>\n<\/tbody>\n<\/table>\n<\/div>\n<\/div><\/div><\/div><\/div><\/div><\/div><div id=\"pg-3334-1\"  class=\"panel-grid panel-has-style\" ><div style=\"padding: 100px 0; \" data-overlay=\"true\" data-overlay-color=\"#000000\" class=\"panel-row-style panel-row-style-for-3334-1\" ><div id=\"pgc-3334-1-0\"  class=\"panel-grid-cell\" ><div id=\"panel-3334-1-0-0\" class=\"so-panel widget widget_sow-button panel-first-child panel-last-child\" data-index=\"1\" ><div style=\"text-align: left;\" data-title-color=\"#443f3f\" data-headings-color=\"#443f3f\" class=\"panel-widget-style panel-widget-style-for-3334-1-0-0\" ><div class=\"so-widget-sow-button so-widget-sow-button-atom-ca86ee54deb6-3334\"><div class=\"ow-button-base ow-button-align-center\">\n\t<a href=\"http:\/\/faunadigital.com.mx\/wp-content\/uploads\/2020\/01\/vinilwallgraphic.jpg\" class=\"ow-icon-placement-left ow-button-hover\" target=\"_blank\" rel=\"noopener noreferrer\" \t\t>\n\t\t<span>\n\t\t\t\n\t\t\tFICHA T\u00c9CNICA\t\t<\/span>\n\t<\/a>\n<\/div>\n<\/div><\/div><\/div><\/div><\/div><\/div><\/div>","protected":false},"excerpt":{"rendered":"<p>Vinil Wall Graphic espec\u00edficamente dise\u00f1ado para su aplicaci\u00f3n directa sobre paredes de ladrillo. Es apto para impresi\u00f3n en m\u00e1quinas tipo Solvente, Ecosolvente, L\u00e1tex y UV. Caracter\u00edsticas Item Valores Pel\u00edcula PVC Tipo Pel\u00edcula PVC polim\u00e9rico calandrado Color Blanco Espesor 80\u00b110micron Relaci\u00f3n de brillo \u22650.8% Opacidad \u226580% Adhesivo Adhesivo tipo Base solvente transparente, sensible a la presi\u00f3n [&hellip;]<\/p>\n","protected":false},"author":1,"featured_media":0,"parent":0,"menu_order":0,"comment_status":"closed","ping_status":"closed","template":"page-templates\/page_front-page.php","meta":[],"_links":{"self":[{"href":"http:\/\/faunadigital.com.mx\/index.php?rest_route=\/wp\/v2\/pages\/3334"}],"collection":[{"href":"http:\/\/faunadigital.com.mx\/index.php?rest_route=\/wp\/v2\/pages"}],"about":[{"href":"http:\/\/faunadigital.com.mx\/index.php?rest_route=\/wp\/v2\/types\/page"}],"author":[{"embeddable":true,"href":"http:\/\/faunadigital.com.mx\/index.php?rest_route=\/wp\/v2\/users\/1"}],"replies":[{"embeddable":true,"href":"http:\/\/faunadigital.com.mx\/index.php?rest_route=%2Fwp%2Fv2%2Fcomments&post=3334"}],"version-history":[{"count":12,"href":"http:\/\/faunadigital.com.mx\/index.php?rest_route=\/wp\/v2\/pages\/3334\/revisions"}],"predecessor-version":[{"id":3348,"href":"http:\/\/faunadigital.com.mx\/index.php?rest_route=\/wp\/v2\/pages\/3334\/revisions\/3348"}],"wp:attachment":[{"href":"http:\/\/faunadigital.com.mx\/index.php?rest_route=%2Fwp%2Fv2%2Fmedia&parent=3334"}],"curies":[{"name":"wp","href":"https:\/\/api.w.org\/{rel}","templated":true}]}}