{"id":3363,"date":"2020-01-22T21:36:22","date_gmt":"2020-01-22T21:36:22","guid":{"rendered":"http:\/\/faunadigital.com.mx\/?page_id=3363"},"modified":"2020-01-23T00:21:55","modified_gmt":"2020-01-23T00:21:55","slug":"fd-6196e","status":"publish","type":"page","link":"http:\/\/faunadigital.com.mx\/?page_id=3363","title":{"rendered":"FD 6196E"},"content":{"rendered":"<div id=\"pl-3363\"  class=\"panel-layout\" ><div id=\"pg-3363-0\"  class=\"panel-grid panel-has-style\" ><div style=\"padding: 100px 0; \" data-overlay=\"true\" data-overlay-color=\"#000000\" class=\"panel-row-style panel-row-style-for-3363-0\" ><div id=\"pgc-3363-0-0\"  class=\"panel-grid-cell\" ><div id=\"panel-3363-0-0-0\" class=\"so-panel widget widget_media_image panel-first-child panel-last-child\" data-index=\"0\" ><div style=\"text-align: center;\" data-title-color=\"#443f3f\" data-headings-color=\"#443f3f\" class=\"panel-widget-style panel-widget-style-for-3363-0-0-0\" ><img width=\"756\" height=\"354\" src=\"http:\/\/faunadigital.com.mx\/wp-content\/uploads\/2020\/01\/fd6196e-1.png\" class=\"image wp-image-3373  attachment-full size-full\" alt=\"\" loading=\"lazy\" style=\"max-width: 100%; height: auto;\" srcset=\"http:\/\/faunadigital.com.mx\/wp-content\/uploads\/2020\/01\/fd6196e-1.png 756w, http:\/\/faunadigital.com.mx\/wp-content\/uploads\/2020\/01\/fd6196e-1-300x140.png 300w, http:\/\/faunadigital.com.mx\/wp-content\/uploads\/2020\/01\/fd6196e-1-230x108.png 230w, http:\/\/faunadigital.com.mx\/wp-content\/uploads\/2020\/01\/fd6196e-1-350x164.png 350w, http:\/\/faunadigital.com.mx\/wp-content\/uploads\/2020\/01\/fd6196e-1-480x225.png 480w\" sizes=\"(max-width: 756px) 100vw, 756px\" \/><\/div><\/div><\/div><\/div><\/div><div id=\"pg-3363-1\"  class=\"panel-grid panel-has-style\" ><div style=\"padding: 100px 0; \" data-overlay=\"true\" data-overlay-color=\"#000000\" class=\"panel-row-style panel-row-style-for-3363-1\" ><div id=\"pgc-3363-1-0\"  class=\"panel-grid-cell\" ><div id=\"panel-3363-1-0-0\" class=\"so-panel widget widget_sow-editor panel-first-child panel-last-child\" data-index=\"1\" ><div style=\"text-align: left;\" data-title-color=\"#443f3f\" data-headings-color=\"#443f3f\" class=\"panel-widget-style panel-widget-style-for-3363-1-0-0\" ><div class=\"so-widget-sow-editor so-widget-sow-editor-base\">\n<div class=\"siteorigin-widget-tinymce textwidget\">\n\t<p><span data-spm-anchor-id=\"a2700.md_es_ES.pronpeci14.i1.5663a250Rc88lN\">La impresora FD6196E para sublimaci\u00f3n, puede imprimir hasta 200m\u00b2\/hr.<\/span><\/p>\n<ul>\n<li><span data-spm-anchor-id=\"a2700.md_es_ES.pronpeci14.i1.5663a250Rc88lN\">Alta resoluci\u00f3n.<\/span><\/li>\n<li><span data-spm-anchor-id=\"a2700.md_es_ES.pronpeci14.i1.5663a250Rc88lN\">6 cabezales de impresi\u00f3n Epson.<\/span><\/li>\n<li><span data-spm-anchor-id=\"a2700.md_es_ES.pronpeci14.i1.5663a250Rc88lN\">Puerto transmisi\u00f3n de datos Gigabit, procesa archivos de gran tama\u00f1o en alta resoluci\u00f3n.<\/span><\/li>\n<li><span data-spm-anchor-id=\"a2700.md_es_ES.pronpeci14.i1.5663a250Rc88lN\">Equipado con motores para desembobinar y reembobinar.<\/span><\/li>\n<li><span data-spm-anchor-id=\"a2700.md_es_ES.pronpeci14.i1.5663a250Rc88lN\">Piezas de alta calidad estables con el sistema de impresi\u00f3n FEDAR Gu\u00eda THK, Cadena IGUS, Rodamiento NSK, Servomotor Leadshine, etc.<\/span><\/li>\n<\/ul>\n<p>&nbsp;<\/p>\n<h3><span style=\"color: #99cc00;\">Caracter\u00edsticas<\/span><\/h3>\n<table style=\"border-collapse: collapse; width: 84.2649%; height: 240px;\" border=\"1\">\n<tbody>\n<tr style=\"height: 24px;\">\n<td style=\"width: 23.3117%; height: 24px;\">Cabezales<\/td>\n<td style=\"width: 27.6198%; height: 24px;\">Epson 3200<\/td>\n<\/tr>\n<tr style=\"height: 24px;\">\n<td style=\"width: 23.3117%; height: 24px;\">Cantidad de Nozzles<\/td>\n<td style=\"width: 27.6198%; height: 24px;\">3200<\/td>\n<\/tr>\n<tr style=\"height: 24px;\">\n<td style=\"width: 23.3117%; height: 24px;\">N\u00famero de Cabezales<\/td>\n<td style=\"width: 27.6198%; height: 24px;\">6<\/td>\n<\/tr>\n<tr style=\"height: 24px;\">\n<td style=\"width: 23.3117%; height: 24px;\">Ancho de impresi\u00f3n<\/td>\n<td style=\"width: 27.6198%; height: 24px;\">1900 mm<\/td>\n<\/tr>\n<tr style=\"height: 24px;\">\n<td style=\"width: 23.3117%; height: 24px;\">Altura de impresi\u00f3n<\/td>\n<td style=\"width: 27.6198%; height: 24px;\">2-5 mm<\/td>\n<\/tr>\n<tr style=\"height: 24px;\">\n<td style=\"width: 23.3117%; height: 24px;\">Tinta<\/td>\n<td style=\"width: 27.6198%; height: 24px;\">CMYK Sublimaci\u00f3n<\/td>\n<\/tr>\n<tr style=\"height: 24px;\">\n<td style=\"width: 23.3117%; height: 24px;\">Resoluci\u00f3n<\/td>\n<td style=\"width: 27.6198%; height: 24px;\">360*1220\/360*1800\/720*1200\/720*1800 (dpi)<\/td>\n<\/tr>\n<tr style=\"height: 24px;\">\n<td style=\"width: 23.3117%; height: 24px;\">Transferencia de material<\/td>\n<td style=\"width: 27.6198%; height: 24px;\">Alimentaci\u00f3n de material autom\u00e1tico y sistema de reembobinado, rollo a rollo<\/td>\n<\/tr>\n<tr style=\"height: 24px;\">\n<td style=\"width: 23.3117%; height: 24px;\">Velocidad de impresi\u00f3n lineal sin feather<\/td>\n<td style=\"width: 27.6198%; height: 24px;\">2pass 200\u33a1\/<\/p>\n<p>h 4pass 120\u33a1\/h<\/p>\n<p>6pass 60\u33a1\/h\u00a0 \u00a0 \u00a0 \u00a0 Velocidades probadas en tama\u00f1o completo sin funci\u00f3n de feather<\/p>\n<\/td>\n<\/tr>\n<tr style=\"height: 24px;\">\n<td style=\"width: 23.3117%; height: 24px;\">M\u00e9todo de secado<\/td>\n<td style=\"width: 27.6198%; height: 24px;\">2 l\u00edneas de secadores<\/td>\n<\/tr>\n<tr>\n<td style=\"width: 23.3117%;\">M\u00e9todo de suministro de tinta<\/td>\n<td style=\"width: 27.6198%;\">Sif\u00f3n de presi\u00f3n positiva<\/td>\n<\/tr>\n<tr>\n<td style=\"width: 23.3117%;\">Limpieza de cabezales<\/td>\n<td style=\"width: 27.6198%;\">Sistema Automatizado de limpieza de cabezales<\/td>\n<\/tr>\n<tr>\n<td style=\"width: 23.3117%;\">Material de impresi\u00f3n<\/td>\n<td style=\"width: 27.6198%;\">Papel de sublimaci\u00f3n<\/td>\n<\/tr>\n<tr>\n<td style=\"width: 23.3117%;\">Interface de transmisi\u00f3n<\/td>\n<td style=\"width: 27.6198%;\">Gigabit LAN<\/td>\n<\/tr>\n<tr>\n<td style=\"width: 23.3117%;\">Formato de impresi\u00f3n<\/td>\n<td style=\"width: 27.6198%;\">JPG,TIFF,EPS,PDF...<\/td>\n<\/tr>\n<tr>\n<td style=\"width: 23.3117%;\">Ambiente de trabajo<\/td>\n<td style=\"width: 27.6198%;\">20\u00b0C-25\u00b0C Humedad: 35%-65%<\/td>\n<\/tr>\n<tr>\n<td style=\"width: 23.3117%;\">RIP<\/td>\n<td style=\"width: 27.6198%;\">FlexiPrint Fauna Ultimate\/Maintop6.0\/Photoprint 12\/Onyx 18<\/td>\n<\/tr>\n<tr>\n<td style=\"width: 23.3117%;\">Dimensiones de m\u00e1quina<\/td>\n<td style=\"width: 27.6198%;\">3710*1500*1940 mm<\/td>\n<\/tr>\n<tr>\n<td style=\"width: 23.3117%;\">Dimensiones de empaque<\/td>\n<td style=\"width: 27.6198%;\">3860*1130*1130 mm\u00a0 \u00a0 \u00a03290*1660*1325 mm<\/td>\n<\/tr>\n<tr>\n<td style=\"width: 23.3117%;\">Requerimientos de energ\u00eda<\/td>\n<td style=\"width: 27.6198%;\">210-230V 50\/60 HZ 16A Impresora: 1500 w Secador: Max.9000 w<\/td>\n<\/tr>\n<tr>\n<td style=\"width: 23.3117%;\">Configuraci\u00f3n est\u00e1ndar<\/td>\n<td style=\"width: 27.6198%;\">Sistema de alarma de nivel de tinta<\/td>\n<\/tr>\n<\/tbody>\n<\/table>\n<\/div>\n<\/div><\/div><\/div><\/div><\/div><\/div><div id=\"pg-3363-2\"  class=\"panel-grid panel-has-style\" ><div style=\"padding: 100px 0; \" data-overlay=\"true\" data-overlay-color=\"#000000\" class=\"panel-row-style panel-row-style-for-3363-2\" ><div id=\"pgc-3363-2-0\"  class=\"panel-grid-cell\" ><div id=\"panel-3363-2-0-0\" class=\"so-panel widget widget_sow-button panel-first-child panel-last-child\" data-index=\"2\" ><div style=\"text-align: center;\" data-title-color=\"#443f3f\" data-headings-color=\"#443f3f\" class=\"panel-widget-style panel-widget-style-for-3363-2-0-0\" ><div class=\"so-widget-sow-button so-widget-sow-button-atom-ca86ee54deb6-3363\"><div class=\"ow-button-base ow-button-align-center\">\n\t<a href=\"http:\/\/faunadigital.com.mx\/wp-content\/uploads\/2020\/01\/fd6196e.png\" class=\"ow-icon-placement-left ow-button-hover\" target=\"_blank\" rel=\"noopener noreferrer\" \t\t>\n\t\t<span>\n\t\t\t\n\t\t\tFICHA T\u00c9CNICA\t\t<\/span>\n\t<\/a>\n<\/div>\n<\/div><\/div><\/div><\/div><\/div><\/div><\/div>","protected":false},"excerpt":{"rendered":"<p>La impresora FD6196E para sublimaci\u00f3n, puede imprimir hasta 200m\u00b2\/hr. Alta resoluci\u00f3n. 6 cabezales de impresi\u00f3n Epson. Puerto transmisi\u00f3n de datos Gigabit, procesa archivos de gran tama\u00f1o en alta resoluci\u00f3n. Equipado con motores para desembobinar y reembobinar. Piezas de alta calidad estables con el sistema de impresi\u00f3n FEDAR Gu\u00eda THK, Cadena IGUS, Rodamiento NSK, Servomotor Leadshine, [&hellip;]<\/p>\n","protected":false},"author":1,"featured_media":0,"parent":0,"menu_order":0,"comment_status":"closed","ping_status":"closed","template":"page-templates\/page_front-page.php","meta":[],"_links":{"self":[{"href":"http:\/\/faunadigital.com.mx\/index.php?rest_route=\/wp\/v2\/pages\/3363"}],"collection":[{"href":"http:\/\/faunadigital.com.mx\/index.php?rest_route=\/wp\/v2\/pages"}],"about":[{"href":"http:\/\/faunadigital.com.mx\/index.php?rest_route=\/wp\/v2\/types\/page"}],"author":[{"embeddable":true,"href":"http:\/\/faunadigital.com.mx\/index.php?rest_route=\/wp\/v2\/users\/1"}],"replies":[{"embeddable":true,"href":"http:\/\/faunadigital.com.mx\/index.php?rest_route=%2Fwp%2Fv2%2Fcomments&post=3363"}],"version-history":[{"count":16,"href":"http:\/\/faunadigital.com.mx\/index.php?rest_route=\/wp\/v2\/pages\/3363\/revisions"}],"predecessor-version":[{"id":3381,"href":"http:\/\/faunadigital.com.mx\/index.php?rest_route=\/wp\/v2\/pages\/3363\/revisions\/3381"}],"wp:attachment":[{"href":"http:\/\/faunadigital.com.mx\/index.php?rest_route=%2Fwp%2Fv2%2Fmedia&parent=3363"}],"curies":[{"name":"wp","href":"https:\/\/api.w.org\/{rel}","templated":true}]}}